hat is 29 - -1572?
1601
In base 15, what is -196bc + 4?
-196b8
In base 16, what is -1d + -22d8?
-22f5
In base 11, what is 22 - -303a?
3061
In base 15, what is -781c - -10?
-780c
In base 13, what is 1abb6 + 18?
1ac01
In base 7, what is 31 + -5334?
-5303
In base 12, what is -24294 + -1?
-24295
In base 7, what is 3166 + 101?
3300
In base 12, what is -4b314 - 4?
-4b318
In base 4, what is 232332 - -2?
233000
In base 10, what is -12 + -501?
-513
In base 6, what is 4343 + 114?
4501
In base 15, what is da + 372?
45c
In base 8, what is -21666 + -6?
-21674
In base 11, what is -64a04 + 3?
-64a01
In base 16, what is -78 - -80?
8
In base 4, what is -32213333 + -10?
-32220003
In base 14, what is -8d6 + 38?
-89c
In base 13, what is -1 + -16b94?
-16b95
In base 5, what is -100 + -110001?
-110101
In base 13, what is 2 - -3261?
3263
In base 14, what is cd - -15d8?
16c7
In base 13, what is 9 + -6546?
-653a
In base 9, what is -63 - 46620?
-46683
In base 10, what is -6534 - -27?
-6507
In base 10, what is 0 - -65824?
65824
In base 5, what is 4 + -42101240?
-42101231
In base 13, what is -30 - 5988?
-59b8
In base 12, what is -3507 - 2?
-3509
In base 13, what is 35240 + 1?
35241
In base 7, what is 6 - -312104?
312113
In base 14, what is 670 + -6?
668
In base 14, what is 6418 - -7?
6421
In base 13, what is -14b - 5607?
-5755
In base 2, what is -11010101 - -1100000111?
1000110010
In base 13, what is 4 - 4a32?
-4a2b
In base 13, what is -56223 + 0?
-56223
In base 2, what is 1001010100 + 1100111?
1010111011
In base 16, what is 473f2 + 2?
473f4
In base 13, what is -1869 - 5?
-1871
In base 16, what is 1d5 - -6?
1db
In base 5, what is 4 + -1440331?
-1440322
In base 14, what is -17 + -172?
-189
In base 7, what is 11 + -2514?
-2503
In base 7, what is -4 - -116564?
116560
In base 16, what is 9920b - 5?
99206
In base 16, what is -e0 + -ac?
-18c
In base 11, what is 85 + 17267?
17341
In base 14, what is -3 + -2712?
-2715
In base 10, what is 12 + 17059?
17071
In base 14, what is -7 + -62ba?
-62c3
In base 9, what is -6288 - 15?
-6314
In base 3, what is -1021100220221 - 0?
-1021100220221
In base 14, what is 14b8 + -6?
14b2
In base 5, what is 33 + 14110?
14143
In base 15, what is -1 - d7b86?
-d7b87
In base 14, what is 0 - -27bd?
27bd
In base 4, what is 13 - -223101?
223120
In base 11, what is -1192a - 2?
-11931
In base 6, what is 11 - -245010?
245021
In base 2, what is 111000111010100000 + 1010?
111000111010101010
In base 4, what is -33020301 - 10?
-33020311
In base 13, what is 4a53 + 2?
4a55
In base 7, what is -15 - -24255?
24240
In base 11, what is 88 + -1594?
-1507
In base 16, what is 4ef7 - f?
4ee8
In base 3, what is 100022222 - -21121?
100121120
In base 16, what is -2e84 - 1?
-2e85
In base 8, what is 56 - -3743?
4021
In base 11, what is -9102 + 75?
-9038
In base 13, what is -2 + -24ab8b?
-24ab90
In base 15, what is -871 + -c?
-87d
In base 14, what is -4 + -1336?
-133a
In base 6, what is -42401 - 1?
-42402
In base 6, what is -111 - -5511?
5400
In base 14, what is -342b + -1?
-342c
In base 15, what is -1b - 6d?
-89
In base 4, what is 33301 - -231212?
331113
In base 9, what is 6140828 + -2?
6140826
In base 3, what is -11102 + -120221?
-202100
In base 6, what is 5 + -32300400?
-32300351
In base 13, what is 0 + -b2?
-b2
In base 7, what is 26436 - 6?
26430
In base 15, what is -b - e76d?
-e779
In base 13, what is -9 + 3143?
3137
In base 9, what is 214032 - 37?
213884
In base 15, what is 5 - -b14b?
b151
In base 14, what is -1 + -6244?
-6245
In base 3, what is 2101211211201 + 10?
2101211211211
In base 7, what is 3 + -46000?
-45664
In base 10, what is -35701 - 5?
-35706
In base 4, what is -2033002 + -10?
-2033012
In base 10, what is -60627 - -3?
-60624
In base 5, what is 10312 - 320431?
-310114
In base 10, what is 291 + 2475?
2766
In base 14, what is -a1a - -1b3?
-847
In base 10, what is 5 - -11683?
11688
In base 16, what is 230 + -8?
228
In base 16, what is -10 + 2eb4?
2ea4
In base 11, what is 6337 + 57?
6393
In base 2, what is 111001 + 1001100101?
1010011110
In base 8, what is 2 + -130153?
-130151
In base 2, what is -101011000011011101100 - 1?
-101011000011011101101
In base 8, what is -3410 - -4?
-3404
In base 16, what is 10 - 2d9e?
-2d8e
In base 8, what is -453721 - -3?
-453716
In base 15, what is -583 - -1c?
-566
In base 12, what is -35813b + 5?
-358136
In base 9, what is 522067 - -25?
522103
In base 16, what is -2 + 271?
26f
In base 6, what is 1 + -10455004?
-10455003
In base 16, what is 10b + 2?
10d
In base 15, what is 338 + 5ca?
913
In base 16, what is -1 + 185fa?
185f9
In base 13, what is 122 + 175?
297
In base 10, what is 1121 - 1813?
-692
In base 7, what is 22323 - -5?
22331
In base 2, what is 11 - 1001101000001100001?
-1001101000001011110
In base 8, what is -27237 - -36?
-27201
In base 4, what is -212331 + -3222?
-222213
In base 4, what is 321311 - 13?
321232
In base 14, what is -c417d + -4?
-c4183
In base 11, what is 7a2 - 1398?
-6a6
In base 16, what is 35d5 - 4?
35d1
In base 16, what is 239a + -25?
2375
In base 2, what is 100000100111 - 10110101?
11101110010
In base 16, what is -6 - -66e01?
66dfb
In base 8, what is -13 - -1341?
1326
In base 7, what is -145 - -20?
-125
In base 12, what is b97295 - 5?
b97290
In base 11, what is -29 + 234?
206
In base 11, what is -1 + -20744?
-20745
In base 9, what is -6140 - -5?
-6134
In base 16, what is 5 + 2433?
2438
In base 3, what is -110111222 + -100?
-110112022
In base 9, what is 364380 + -1?
364378
In base 4, what is 10222 - -1122?
12010
In base 6, what is -5 + -1302445?
-1302454
In base 2, what is 1000110101101100 - -111?
1000110101110011
In base 15, what is 5ce1 - -7d?
5d6e
In base 9, what is -17574 + 7?
-17566
In base 8, what is 55 - 5431?
-5354
In base 4, what is -1133112312 + 1?
-1133112311
In base 9, what is 38 + -13188?
-13150
In base 6, what is -2 + -1021300?
-1021302
In base 8, what is 200051 - -3?
200054
In base 14, what is 45c - -2?
460
In base 16, what is 6 - 29bd?
-29b7
In base 11, what is -aa18 + 10?
-aa08
In base 8, what is -760373 + 2?
-760371
In base 15, what is 4b2d - 5?
4b28
In base 9, what is -11 + 156086?
156075
In base 2, what is 11 - -10000110110100?
10000110110111
In base 2, what is -100010111010101 + 1101?
-100010111001000
In base 13, what is 68b1 + -1?
68b0
In base 2, what is 1000111000010010 + -101?
1000111000001101
In base 12, what is 103b - -667?
16a6
In base 7, what is 21523 - 23?
21500
In base 7, what is -13 - -10532?
10516
In base 15, what is 20 - 59e?
-57e
In base 15, what is -5c - 893?
-900
In base 6, what is 521524 + 10?
521534
In base 10, what is -731 - 3?
-734
In base 13, what is -44889 + 3?
-44886
In base 4, what is -1 + 3033000222?
3033000221
In base 11, what is -1 + 300948?
300947
In base 2, what is -110 - -100001100001?
100001011011
In base 2, what is 10111000000 - 10011110101?
11001011
In base 6, what is -5 + -22010242?
-22010251
In base 15, what is -28a + 5c?
-22d
In base 7, what is 630 + 1565?
2525
In base 5, what is 2334 - 44?
2240
In base 7, what is 3 + -1415503?
-1415500
In base 7, what is -66 - 632?
-1031
In base 8, what is 2 - -21013?
21015
In base 10, what is -723 - -54?
-669
In base 12, what is 9 - -175573?
175580
In base 3, what is 11120002 + 12?
11120021
In base 12, what is -238788 + 5?
-238783
In base 10, what is -5 + 946?
941
In base 10, what is -1 - -338986?
338985
In base 12, what is 1 - -2b784?
2b785
In base 15, what is -9 + -1e1a?
-1e24
In base 7, what is 155656 + -3?
155653
In base 3, what is 21 + -1112112220?
-1112112122
In base 14, what is 4 + acc2?
acc6
In base 13, what is -3c + 226?
1b7
In base 16, what is -3487b + 3?
-34878
In base 2, what is -10100 + -100110011111011?
-100110100001111
In base 14, what is -540 + -1c?
-55c
In base 4, what is 113010 + 101231?
220301
In base 2, what is 10 - -110001011110011101100?
110001011110011101110
In base 4, what is 122030322 - 0?
122030322
In base 2, what is -11110100100001 - -101?
-11110100011100
In base 6, what is -22 - 15310?
-15332
In base 14, what is 2 - d137?
-d135
In base 13, what is -a6 + -a2?
-178
In base 11, what is a28314 - -3?
a28317
In base 5, what is -234 - 1301?
-2040
In base 11, what is -158 + -243a?
-2597
In base 7, what is 2303 - 50?
2223
In base 5, what is -4033344 + -23?
-4033422
In base 16, what is 1ee53a - -3?
1ee